{"id":176,"date":"2023-06-24T09:37:38","date_gmt":"2023-06-24T07:37:38","guid":{"rendered":"https:\/\/expert-i4next.hr\/?page_id=176"},"modified":"2026-02-16T20:49:26","modified_gmt":"2026-02-16T19:49:26","slug":"eticki-kodeks","status":"publish","type":"page","link":"https:\/\/expert-i4next.hr\/index.php\/eticki-kodeks\/","title":{"rendered":"ETI\u010cKI KODEKS"},"content":{"rendered":"\t\t<div data-elementor-type=\"wp-page\" data-elementor-id=\"176\" class=\"elementor elementor-176\" data-elementor-post-type=\"page\">\n\t\t\t\t\t\t\t<div class=\"elementor-element elementor-element-9a76430 e-con-full hero e-flex e-con\" data-id=\"9a76430\" data-element_type=\"container\" data-settings=\"{&quot;content_width&quot;:&quot;full&quot;}\">\n\t\t<div class=\"elementor-element elementor-element-99d9988 e-con-full e-flex e-con\" data-id=\"99d9988\" data-element_type=\"container\" data-settings=\"{&quot;content_width&quot;:&quot;full&quot;}\">\n\t\t\t\t<div class=\"elementor-element elementor-element-6c9020d elementor-widget elementor-widget-heading\" data-id=\"6c9020d\" data-element_type=\"widget\" data-widget_type=\"heading.default\">\n\t\t\t\t<div class=\"elementor-widget-container\">\n\t\t\t<style>\/*! elementor - v3.15.0 - 31-07-2023 *\/\n.elementor-heading-title{padding:0;margin:0;line-height:1}.elementor-widget-heading .elementor-heading-title[class*=elementor-size-]>a{color:inherit;font-size:inherit;line-height:inherit}.elementor-widget-heading .elementor-heading-title.elementor-size-small{font-size:15px}.elementor-widget-heading .elementor-heading-title.elementor-size-medium{font-size:19px}.elementor-widget-heading .elementor-heading-title.elementor-size-large{font-size:29px}.elementor-widget-heading .elementor-heading-title.elementor-size-xl{font-size:39px}.elementor-widget-heading .elementor-heading-title.elementor-size-xxl{font-size:59px}<\/style><h2 class=\"elementor-heading-title elementor-size-default\">Eti\u010dki kodeks<\/h2>\t\t<\/div>\n\t\t\t\t<\/div>\n\t\t\t\t<\/div>\n\t\t\t\t<\/div>\n\t\t<div class=\"elementor-element elementor-element-a6998f3 e-flex e-con-boxed e-con\" data-id=\"a6998f3\" data-element_type=\"container\" data-settings=\"{&quot;content_width&quot;:&quot;boxed&quot;}\">\n\t\t\t\t\t<div class=\"e-con-inner\">\n\t\t\t\t<div class=\"elementor-element elementor-element-3889cf9 elementor-widget elementor-widget-spacer\" data-id=\"3889cf9\" data-element_type=\"widget\" data-widget_type=\"spacer.default\">\n\t\t\t\t<div class=\"elementor-widget-container\">\n\t\t\t<style>\/*! elementor - v3.15.0 - 31-07-2023 *\/\n.elementor-column .elementor-spacer-inner{height:var(--spacer-size)}.e-con{--container-widget-width:100%}.e-con-inner>.elementor-widget-spacer,.e-con>.elementor-widget-spacer{width:var(--container-widget-width,var(--spacer-size));--align-self:var(--container-widget-align-self,initial);--flex-shrink:0}.e-con-inner>.elementor-widget-spacer>.elementor-widget-container,.e-con-inner>.elementor-widget-spacer>.elementor-widget-container>.elementor-spacer,.e-con>.elementor-widget-spacer>.elementor-widget-container,.e-con>.elementor-widget-spacer>.elementor-widget-container>.elementor-spacer{height:100%}.e-con-inner>.elementor-widget-spacer>.elementor-widget-container>.elementor-spacer>.elementor-spacer-inner,.e-con>.elementor-widget-spacer>.elementor-widget-container>.elementor-spacer>.elementor-spacer-inner{height:var(--container-widget-height,var(--spacer-size))}<\/style>\t\t<div class=\"elementor-spacer\">\n\t\t\t<div class=\"elementor-spacer-inner\"><\/div>\n\t\t<\/div>\n\t\t\t\t<\/div>\n\t\t\t\t<\/div>\n\t\t\t\t\t<\/div>\n\t\t\t\t<\/div>\n\t\t<div class=\"elementor-element elementor-element-1ec87b7 e-con-full e-flex e-con\" data-id=\"1ec87b7\" data-element_type=\"container\" data-settings=\"{&quot;content_width&quot;:&quot;full&quot;}\">\n\t\t\t\t<div class=\"elementor-element elementor-element-0f6ae4a elementor-widget-divider--view-line elementor-widget elementor-widget-divider\" data-id=\"0f6ae4a\" data-element_type=\"widget\" data-widget_type=\"divider.default\">\n\t\t\t\t<div class=\"elementor-widget-container\">\n\t\t\t<style>\/*! elementor - v3.15.0 - 31-07-2023 *\/\n.elementor-widget-divider{--divider-border-style:none;--divider-border-width:1px;--divider-color:#0c0d0e;--divider-icon-size:20px;--divider-element-spacing:10px;--divider-pattern-height:24px;--divider-pattern-size:20px;--divider-pattern-url:none;--divider-pattern-repeat:repeat-x}.elementor-widget-divider .elementor-divider{display:flex}.elementor-widget-divider .elementor-divider__text{font-size:15px;line-height:1;max-width:95%}.elementor-widget-divider .elementor-divider__element{margin:0 var(--divider-element-spacing);flex-shrink:0}.elementor-widget-divider .elementor-icon{font-size:var(--divider-icon-size)}.elementor-widget-divider .elementor-divider-separator{display:flex;margin:0;direction:ltr}.elementor-widget-divider--view-line_icon .elementor-divider-separator,.elementor-widget-divider--view-line_text .elementor-divider-separator{align-items:center}.elementor-widget-divider--view-line_icon .elementor-divider-separator:after,.elementor-widget-divider--view-line_icon .elementor-divider-separator:before,.elementor-widget-divider--view-line_text .elementor-divider-separator:after,.elementor-widget-divider--view-line_text .elementor-divider-separator:before{display:block;content:\"\";border-bottom:0;flex-grow:1;border-top:var(--divider-border-width) var(--divider-border-style) var(--divider-color)}.elementor-widget-divider--element-align-left .elementor-divider .elementor-divider-separator>.elementor-divider__svg:first-of-type{flex-grow:0;flex-shrink:100}.elementor-widget-divider--element-align-left .elementor-divider-separator:before{content:none}.elementor-widget-divider--element-align-left .elementor-divider__element{margin-left:0}.elementor-widget-divider--element-align-right .elementor-divider .elementor-divider-separator>.elementor-divider__svg:last-of-type{flex-grow:0;flex-shrink:100}.elementor-widget-divider--element-align-right .elementor-divider-separator:after{content:none}.elementor-widget-divider--element-align-right .elementor-divider__element{margin-right:0}.elementor-widget-divider:not(.elementor-widget-divider--view-line_text):not(.elementor-widget-divider--view-line_icon) .elementor-divider-separator{border-top:var(--divider-border-width) var(--divider-border-style) var(--divider-color)}.elementor-widget-divider--separator-type-pattern{--divider-border-style:none}.elementor-widget-divider--separator-type-pattern.elementor-widget-divider--view-line .elementor-divider-separator,.elementor-widget-divider--separator-type-pattern:not(.elementor-widget-divider--view-line) .elementor-divider-separator:after,.elementor-widget-divider--separator-type-pattern:not(.elementor-widget-divider--view-line) .elementor-divider-separator:before,.elementor-widget-divider--separator-type-pattern:not([class*=elementor-widget-divider--view]) .elementor-divider-separator{width:100%;min-height:var(--divider-pattern-height);-webkit-mask-size:var(--divider-pattern-size) 100%;mask-size:var(--divider-pattern-size) 100%;-webkit-mask-repeat:var(--divider-pattern-repeat);mask-repeat:var(--divider-pattern-repeat);background-color:var(--divider-color);-webkit-mask-image:var(--divider-pattern-url);mask-image:var(--divider-pattern-url)}.elementor-widget-divider--no-spacing{--divider-pattern-size:auto}.elementor-widget-divider--bg-round{--divider-pattern-repeat:round}.rtl .elementor-widget-divider .elementor-divider__text{direction:rtl}.e-con-inner>.elementor-widget-divider,.e-con>.elementor-widget-divider{width:var(--container-widget-width,100%);--flex-grow:var(--container-widget-flex-grow)}<\/style>\t\t<div class=\"elementor-divider\">\n\t\t\t<span class=\"elementor-divider-separator\">\n\t\t\t\t\t\t<\/span>\n\t\t<\/div>\n\t\t\t\t<\/div>\n\t\t\t\t<\/div>\n\t\t\t\t<\/div>\n\t\t<div class=\"elementor-element elementor-element-197dd6c e-flex e-con-boxed e-con\" data-id=\"197dd6c\" data-element_type=\"container\" data-settings=\"{&quot;background_background&quot;:&quot;classic&quot;,&quot;content_width&quot;:&quot;boxed&quot;}\">\n\t\t\t\t\t<div class=\"e-con-inner\">\n\t\t<div class=\"elementor-element elementor-element-6fea597 e-con-full e-flex e-con\" data-id=\"6fea597\" data-element_type=\"container\" data-settings=\"{&quot;content_width&quot;:&quot;full&quot;}\">\n\t\t\t\t<div class=\"elementor-element elementor-element-d769f41 elementor-widget elementor-widget-image\" data-id=\"d769f41\" data-element_type=\"widget\" data-widget_type=\"image.default\">\n\t\t\t\t<div class=\"elementor-widget-container\">\n\t\t\t<style>\/*! elementor - v3.15.0 - 31-07-2023 *\/\n.elementor-widget-image{text-align:center}.elementor-widget-image a{display:inline-block}.elementor-widget-image a img[src$=\".svg\"]{width:48px}.elementor-widget-image img{vertical-align:middle;display:inline-block}<\/style>\t\t\t\t\t\t\t\t\t\t\t\t<img loading=\"lazy\" decoding=\"async\" width=\"1024\" height=\"788\" src=\"https:\/\/expert-i4next.hr\/wp-content\/uploads\/2023\/07\/eticki-kodeks-1024x788.png\" class=\"attachment-large size-large wp-image-178\" alt=\"eti\u010dki kodeks\" srcset=\"https:\/\/expert-i4next.hr\/wp-content\/uploads\/2023\/07\/eticki-kodeks-1024x788.png 1024w, https:\/\/expert-i4next.hr\/wp-content\/uploads\/2023\/07\/eticki-kodeks-600x462.png 600w, https:\/\/expert-i4next.hr\/wp-content\/uploads\/2023\/07\/eticki-kodeks-300x231.png 300w, https:\/\/expert-i4next.hr\/wp-content\/uploads\/2023\/07\/eticki-kodeks-768x591.png 768w, https:\/\/expert-i4next.hr\/wp-content\/uploads\/2023\/07\/eticki-kodeks.png 1200w\" sizes=\"auto, (max-width: 1024px) 100vw, 1024px\" \/>\t\t\t\t\t\t\t\t\t\t\t\t\t\t\t<\/div>\n\t\t\t\t<\/div>\n\t\t\t\t<\/div>\n\t\t<div class=\"elementor-element elementor-element-bff22f9 e-con-full e-flex e-con\" data-id=\"bff22f9\" data-element_type=\"container\" data-settings=\"{&quot;content_width&quot;:&quot;full&quot;}\">\n\t\t\t\t<div class=\"elementor-element elementor-element-46d20e3 elementor-widget elementor-widget-text-editor\" data-id=\"46d20e3\" data-element_type=\"widget\" data-widget_type=\"text-editor.default\">\n\t\t\t\t<div class=\"elementor-widget-container\">\n\t\t\t<style>\/*! elementor - v3.15.0 - 31-07-2023 *\/\n.elementor-widget-text-editor.elementor-drop-cap-view-stacked .elementor-drop-cap{background-color:#69727d;color:#fff}.elementor-widget-text-editor.elementor-drop-cap-view-framed .elementor-drop-cap{color:#69727d;border:3px solid;background-color:transparent}.elementor-widget-text-editor:not(.elementor-drop-cap-view-default) .elementor-drop-cap{margin-top:8px}.elementor-widget-text-editor:not(.elementor-drop-cap-view-default) .elementor-drop-cap-letter{width:1em;height:1em}.elementor-widget-text-editor .elementor-drop-cap{float:left;text-align:center;line-height:1;font-size:50px}.elementor-widget-text-editor .elementor-drop-cap-letter{display:inline-block}<\/style>\t\t\t\t<div class=\"group w-full text-token-text-primary border-b border-black\/10 dark:border-gray-900\/50 bg-gray-50 dark:bg-[#444654]\" data-testid=\"conversation-turn-5\"><div class=\"p-4 justify-center text-base md:gap-6 md:py-6 m-auto\"><div class=\"flex flex-1 gap-4 text-base mx-auto md:gap-6 md:max-w-2xl lg:max-w-[38rem] xl:max-w-3xl }\"><div class=\"relative flex w-[calc(100%-50px)] flex-col gap-1 md:gap-3 lg:w-[calc(100%-115px)]\"><div class=\"flex flex-grow flex-col gap-3 max-w-full\"><div class=\"min-h-[20px] flex flex-col items-start gap-3 overflow-x-auto whitespace-pre-wrap break-words\"><div class=\"markdown prose w-full break-words dark:prose-invert light\"><p>Eti\u010dki kodeks je skup pravila, na\u010dela i normi koji definiraju o\u010dekivano pona\u0161anje i postupanje unutar odre\u0111enog dru\u0161tva. Ove smjernice odra\u017eavaju moralne vrijednosti i standarde koji trebaju biti po\u0161tovani radi osiguravanja integriteta, odgovornosti, pravi\u010dnosti i po\u0161tenja u postupcima i interakcijama unutar\u00a0 sektora. Nadalje, on pru\u017ea smjernice za postupanje u razli\u010ditim situacijama te poma\u017ee u odr\u017eavanju visokih standarda profesionalnog pona\u0161anja i vladanja.<\/p><\/div><\/div><\/div><\/div><\/div><\/div><\/div><p><b>Expert-i4next d.o.o.<\/b>\u00a0\u00a0pristupio je Eti\u010dkom kodeksu \u010dime jam\u010dimo da \u0107emo transparentno i pouzdano poslovati u procesu uvo\u0111enja eura u Republici Hrvatskoj.<br \/>Pristupanjem prihva\u0107amo i jam\u010dimo provedbu na\u010dela koje Eti\u010dki kodeks navodi s ciljem stvaranja povjerenja i sigurnog okru\u017eenja za na\u0161e klijente i partnere.<br \/>Vi\u0161e o Eti\u010dkom kodeksu mo\u017eete prona\u0107i <a href=\"https:\/\/mingor.gov.hr\/UserDocsImages\/slike\/Vijesti\/2022\/Eti%C4%8Dki%20kodeks-tekst-final_2022.pdf\" target=\"_blank\" rel=\"noopener\">\u2018ovdje\u2019<\/a>.<\/p>\t\t\t\t\t\t<\/div>\n\t\t\t\t<\/div>\n\t\t\t\t<div class=\"elementor-element elementor-element-45c400b elementor-widget elementor-widget-wpkoi-button\" data-id=\"45c400b\" data-element_type=\"widget\" data-widget_type=\"wpkoi-button.default\">\n\t\t\t\t<div class=\"elementor-widget-container\">\n\t\t\t\t\t<div class=\"wpkoi-button__container\">\r\n\t\t\t<a class=\"wpkoi-button__instance wpkoi-button__instance--icon-right hover-effect-5\" href=\"https:\/\/expert-i4next.hr\/index.php\/kontakt\/\">\r\n\t\t\t\t<div class=\"wpkoi-button__plane wpkoi-button__plane-normal\"><\/div>\r\n\t\t\t\t<div class=\"wpkoi-button__plane wpkoi-button__plane-hover\"><\/div>\r\n\t\t\t\t<div class=\"wpkoi-button__state wpkoi-button__state-normal\">\r\n\t\t\t\t\t<span class=\"wpkoi-button__icon\"><svg aria-hidden=\"true\" class=\"e-font-icon-svg e-fas-long-arrow-alt-right\" viewBox=\"0 0 448 512\" xmlns=\"http:\/\/www.w3.org\/2000\/svg\"><path d=\"M313.941 216H12c-6.627 0-12 5.373-12 12v56c0 6.627 5.373 12 12 12h301.941v46.059c0 21.382 25.851 32.09 40.971 16.971l86.059-86.059c9.373-9.373 9.373-24.569 0-33.941l-86.059-86.059c-15.119-15.119-40.971-4.411-40.971 16.971V216z\"><\/path><\/svg><\/span><span class=\"wpkoi-button__label\">KONTAKTIRAJTE NAS<\/span>\t\t\t\t<\/div>\r\n\t\t\t\t<div class=\"wpkoi-button__state wpkoi-button__state-hover\">\r\n\t\t\t\t\t<span class=\"wpkoi-button__icon\"><svg aria-hidden=\"true\" class=\"e-font-icon-svg e-fas-long-arrow-alt-right\" viewBox=\"0 0 448 512\" xmlns=\"http:\/\/www.w3.org\/2000\/svg\"><path d=\"M313.941 216H12c-6.627 0-12 5.373-12 12v56c0 6.627 5.373 12 12 12h301.941v46.059c0 21.382 25.851 32.09 40.971 16.971l86.059-86.059c9.373-9.373 9.373-24.569 0-33.941l-86.059-86.059c-15.119-15.119-40.971-4.411-40.971 16.971V216z\"><\/path><\/svg><\/span><span class=\"wpkoi-button__label\">KONTAKTIRAJTE NAS<\/span>\t\t\t\t<\/div>\r\n\t\t\t<\/a>\r\n\t\t<\/div>\r\n\t\t\t\t<\/div>\n\t\t\t\t<\/div>\n\t\t\t\t<\/div>\n\t\t\t\t\t<\/div>\n\t\t\t\t<\/div>\n\t\t<div class=\"elementor-element elementor-element-d765924 e-con-full e-flex e-con\" data-id=\"d765924\" data-element_type=\"container\" data-settings=\"{&quot;content_width&quot;:&quot;full&quot;}\">\n\t\t\t\t<div class=\"elementor-element elementor-element-da0329a elementor-widget-divider--view-line elementor-widget elementor-widget-divider\" data-id=\"da0329a\" data-element_type=\"widget\" data-widget_type=\"divider.default\">\n\t\t\t\t<div class=\"elementor-widget-container\">\n\t\t\t\t\t<div class=\"elementor-divider\">\n\t\t\t<span class=\"elementor-divider-separator\">\n\t\t\t\t\t\t<\/span>\n\t\t<\/div>\n\t\t\t\t<\/div>\n\t\t\t\t<\/div>\n\t\t\t\t<\/div>\n\t\t\t\t\t\t\t<\/div>\n\t\t","protected":false},"excerpt":{"rendered":"<p>Eti\u010dki kodeks Eti\u010dki kodeks je skup pravila, na\u010dela i normi koji definiraju o\u010dekivano pona\u0161anje i postupanje unutar odre\u0111enog dru\u0161tva. Ove smjernice odra\u017eavaju moralne vrijednosti i standarde koji trebaju biti po\u0161tovani radi osiguravanja integriteta, odgovornosti, pravi\u010dnosti i po\u0161tenja u postupcima i interakcijama unutar\u00a0 sektora. Nadalje, on pru\u017ea smjernice za postupanje u razli\u010ditim situacijama te poma\u017ee u &hellip;<\/p>\n<p class=\"read-more\"> <a class=\"\" href=\"https:\/\/expert-i4next.hr\/index.php\/eticki-kodeks\/\"> <span class=\"screen-reader-text\">ETI\u010cKI KODEKS<\/span> Read More &raquo;<\/a><\/p>\n","protected":false},"author":2,"featured_media":0,"parent":0,"menu_order":0,"comment_status":"closed","ping_status":"closed","template":"","meta":{"site-sidebar-layout":"no-sidebar","site-content-layout":"page-builder","ast-global-header-display":"","ast-banner-title-visibility":"","ast-main-header-display":"","ast-hfb-above-header-display":"","ast-hfb-below-header-display":"","ast-hfb-mobile-header-display":"","site-post-title":"disabled","ast-breadcrumbs-content":"","ast-featured-img":"disabled","footer-sml-layout":"","theme-transparent-header-meta":"","adv-header-id-meta":"","stick-header-meta":"","header-above-stick-meta":"","header-main-stick-meta":"","header-below-stick-meta":"","footnotes":"","_wp_rev_ctl_limit":""},"class_list":["post-176","page","type-page","status-publish","hentry"],"yoast_head":"<!-- This site is optimized with the Yoast SEO plugin v27.4 - https:\/\/yoast.com\/product\/yoast-seo-wordpress\/ -->\n<title>Eti\u010dki kodeks - Expert i4next<\/title>\n<meta name=\"description\" content=\"Eti\u010dki kodeks Expert i4nexta d.o.o. jam\u010di da \u0107emo pouzdano poslovati u procesu uvo\u0111enja eura u Republici Hrvatskoj.\" \/>\n<meta name=\"robots\" content=\"index, follow, max-snippet:-1, max-image-preview:large, max-video-preview:-1\" \/>\n<link rel=\"canonical\" href=\"https:\/\/expert-i4next.hr\/index.php\/eticki-kodeks\/\" \/>\n<meta property=\"og:locale\" content=\"hr_HR\" \/>\n<meta property=\"og:type\" content=\"article\" \/>\n<meta property=\"og:title\" content=\"Eti\u010dki kodeks - Expert i4next\" \/>\n<meta property=\"og:description\" content=\"Eti\u010dki kodeks Expert i4nexta d.o.o. jam\u010di da \u0107emo pouzdano poslovati u procesu uvo\u0111enja eura u Republici Hrvatskoj.\" \/>\n<meta property=\"og:url\" content=\"https:\/\/expert-i4next.hr\/index.php\/eticki-kodeks\/\" \/>\n<meta property=\"og:site_name\" content=\"Expert i4next\" \/>\n<meta property=\"article:modified_time\" content=\"2026-02-16T19:49:26+00:00\" \/>\n<meta property=\"og:image\" content=\"https:\/\/expert-i4next.hr\/wp-content\/uploads\/2023\/07\/eticki-kodeks.png\" \/>\n\t<meta property=\"og:image:width\" content=\"1200\" \/>\n\t<meta property=\"og:image:height\" content=\"924\" \/>\n\t<meta property=\"og:image:type\" content=\"image\/png\" \/>\n<meta name=\"twitter:card\" content=\"summary_large_image\" \/>\n<meta name=\"twitter:label1\" content=\"Procijenjeno vrijeme \u010ditanja\" \/>\n\t<meta name=\"twitter:data1\" content=\"1 minuta\" \/>\n<script type=\"application\/ld+json\" class=\"yoast-schema-graph\">{\"@context\":\"https:\\\/\\\/schema.org\",\"@graph\":[{\"@type\":\"WebPage\",\"@id\":\"https:\\\/\\\/expert-i4next.hr\\\/index.php\\\/eticki-kodeks\\\/\",\"url\":\"https:\\\/\\\/expert-i4next.hr\\\/index.php\\\/eticki-kodeks\\\/\",\"name\":\"Eti\u010dki kodeks - Expert i4next\",\"isPartOf\":{\"@id\":\"https:\\\/\\\/expert-i4next.hr\\\/#website\"},\"primaryImageOfPage\":{\"@id\":\"https:\\\/\\\/expert-i4next.hr\\\/index.php\\\/eticki-kodeks\\\/#primaryimage\"},\"image\":{\"@id\":\"https:\\\/\\\/expert-i4next.hr\\\/index.php\\\/eticki-kodeks\\\/#primaryimage\"},\"thumbnailUrl\":\"https:\\\/\\\/expert-i4next.hr\\\/wp-content\\\/uploads\\\/2023\\\/07\\\/eticki-kodeks-1024x788.png\",\"datePublished\":\"2023-06-24T07:37:38+00:00\",\"dateModified\":\"2026-02-16T19:49:26+00:00\",\"description\":\"Eti\u010dki kodeks Expert i4nexta d.o.o. jam\u010di da \u0107emo pouzdano poslovati u procesu uvo\u0111enja eura u Republici Hrvatskoj.\",\"breadcrumb\":{\"@id\":\"https:\\\/\\\/expert-i4next.hr\\\/index.php\\\/eticki-kodeks\\\/#breadcrumb\"},\"inLanguage\":\"hr\",\"potentialAction\":[{\"@type\":\"ReadAction\",\"target\":[\"https:\\\/\\\/expert-i4next.hr\\\/index.php\\\/eticki-kodeks\\\/\"]}]},{\"@type\":\"ImageObject\",\"inLanguage\":\"hr\",\"@id\":\"https:\\\/\\\/expert-i4next.hr\\\/index.php\\\/eticki-kodeks\\\/#primaryimage\",\"url\":\"https:\\\/\\\/expert-i4next.hr\\\/wp-content\\\/uploads\\\/2023\\\/07\\\/eticki-kodeks.png\",\"contentUrl\":\"https:\\\/\\\/expert-i4next.hr\\\/wp-content\\\/uploads\\\/2023\\\/07\\\/eticki-kodeks.png\",\"width\":1200,\"height\":924,\"caption\":\"eti\u010dki kodeks\"},{\"@type\":\"BreadcrumbList\",\"@id\":\"https:\\\/\\\/expert-i4next.hr\\\/index.php\\\/eticki-kodeks\\\/#breadcrumb\",\"itemListElement\":[{\"@type\":\"ListItem\",\"position\":1,\"name\":\"Po\u010detna stranica\",\"item\":\"https:\\\/\\\/expert-i4next.hr\\\/\"},{\"@type\":\"ListItem\",\"position\":2,\"name\":\"ETI\u010cKI KODEKS\"}]},{\"@type\":\"WebSite\",\"@id\":\"https:\\\/\\\/expert-i4next.hr\\\/#website\",\"url\":\"https:\\\/\\\/expert-i4next.hr\\\/\",\"name\":\"Expert i4next\",\"description\":\"\",\"publisher\":{\"@id\":\"https:\\\/\\\/expert-i4next.hr\\\/#organization\"},\"potentialAction\":[{\"@type\":\"SearchAction\",\"target\":{\"@type\":\"EntryPoint\",\"urlTemplate\":\"https:\\\/\\\/expert-i4next.hr\\\/?s={search_term_string}\"},\"query-input\":{\"@type\":\"PropertyValueSpecification\",\"valueRequired\":true,\"valueName\":\"search_term_string\"}}],\"inLanguage\":\"hr\"},{\"@type\":\"Organization\",\"@id\":\"https:\\\/\\\/expert-i4next.hr\\\/#organization\",\"name\":\"Expert i4next\",\"url\":\"https:\\\/\\\/expert-i4next.hr\\\/\",\"logo\":{\"@type\":\"ImageObject\",\"inLanguage\":\"hr\",\"@id\":\"https:\\\/\\\/expert-i4next.hr\\\/#\\\/schema\\\/logo\\\/image\\\/\",\"url\":\"https:\\\/\\\/expert-i4next.hr\\\/wp-content\\\/uploads\\\/2023\\\/05\\\/expert-logo-without-background.png\",\"contentUrl\":\"https:\\\/\\\/expert-i4next.hr\\\/wp-content\\\/uploads\\\/2023\\\/05\\\/expert-logo-without-background.png\",\"width\":1200,\"height\":924,\"caption\":\"Expert i4next\"},\"image\":{\"@id\":\"https:\\\/\\\/expert-i4next.hr\\\/#\\\/schema\\\/logo\\\/image\\\/\"}}]}<\/script>\n<!-- \/ Yoast SEO plugin. -->","yoast_head_json":{"title":"Eti\u010dki kodeks - Expert i4next","description":"Eti\u010dki kodeks Expert i4nexta d.o.o. jam\u010di da \u0107emo pouzdano poslovati u procesu uvo\u0111enja eura u Republici Hrvatskoj.","robots":{"index":"index","follow":"follow","max-snippet":"max-snippet:-1","max-image-preview":"max-image-preview:large","max-video-preview":"max-video-preview:-1"},"canonical":"https:\/\/expert-i4next.hr\/index.php\/eticki-kodeks\/","og_locale":"hr_HR","og_type":"article","og_title":"Eti\u010dki kodeks - Expert i4next","og_description":"Eti\u010dki kodeks Expert i4nexta d.o.o. jam\u010di da \u0107emo pouzdano poslovati u procesu uvo\u0111enja eura u Republici Hrvatskoj.","og_url":"https:\/\/expert-i4next.hr\/index.php\/eticki-kodeks\/","og_site_name":"Expert i4next","article_modified_time":"2026-02-16T19:49:26+00:00","og_image":[{"width":1200,"height":924,"url":"https:\/\/expert-i4next.hr\/wp-content\/uploads\/2023\/07\/eticki-kodeks.png","type":"image\/png"}],"twitter_card":"summary_large_image","twitter_misc":{"Procijenjeno vrijeme \u010ditanja":"1 minuta"},"schema":{"@context":"https:\/\/schema.org","@graph":[{"@type":"WebPage","@id":"https:\/\/expert-i4next.hr\/index.php\/eticki-kodeks\/","url":"https:\/\/expert-i4next.hr\/index.php\/eticki-kodeks\/","name":"Eti\u010dki kodeks - Expert i4next","isPartOf":{"@id":"https:\/\/expert-i4next.hr\/#website"},"primaryImageOfPage":{"@id":"https:\/\/expert-i4next.hr\/index.php\/eticki-kodeks\/#primaryimage"},"image":{"@id":"https:\/\/expert-i4next.hr\/index.php\/eticki-kodeks\/#primaryimage"},"thumbnailUrl":"https:\/\/expert-i4next.hr\/wp-content\/uploads\/2023\/07\/eticki-kodeks-1024x788.png","datePublished":"2023-06-24T07:37:38+00:00","dateModified":"2026-02-16T19:49:26+00:00","description":"Eti\u010dki kodeks Expert i4nexta d.o.o. jam\u010di da \u0107emo pouzdano poslovati u procesu uvo\u0111enja eura u Republici Hrvatskoj.","breadcrumb":{"@id":"https:\/\/expert-i4next.hr\/index.php\/eticki-kodeks\/#breadcrumb"},"inLanguage":"hr","potentialAction":[{"@type":"ReadAction","target":["https:\/\/expert-i4next.hr\/index.php\/eticki-kodeks\/"]}]},{"@type":"ImageObject","inLanguage":"hr","@id":"https:\/\/expert-i4next.hr\/index.php\/eticki-kodeks\/#primaryimage","url":"https:\/\/expert-i4next.hr\/wp-content\/uploads\/2023\/07\/eticki-kodeks.png","contentUrl":"https:\/\/expert-i4next.hr\/wp-content\/uploads\/2023\/07\/eticki-kodeks.png","width":1200,"height":924,"caption":"eti\u010dki kodeks"},{"@type":"BreadcrumbList","@id":"https:\/\/expert-i4next.hr\/index.php\/eticki-kodeks\/#breadcrumb","itemListElement":[{"@type":"ListItem","position":1,"name":"Po\u010detna stranica","item":"https:\/\/expert-i4next.hr\/"},{"@type":"ListItem","position":2,"name":"ETI\u010cKI KODEKS"}]},{"@type":"WebSite","@id":"https:\/\/expert-i4next.hr\/#website","url":"https:\/\/expert-i4next.hr\/","name":"Expert i4next","description":"","publisher":{"@id":"https:\/\/expert-i4next.hr\/#organization"},"potentialAction":[{"@type":"SearchAction","target":{"@type":"EntryPoint","urlTemplate":"https:\/\/expert-i4next.hr\/?s={search_term_string}"},"query-input":{"@type":"PropertyValueSpecification","valueRequired":true,"valueName":"search_term_string"}}],"inLanguage":"hr"},{"@type":"Organization","@id":"https:\/\/expert-i4next.hr\/#organization","name":"Expert i4next","url":"https:\/\/expert-i4next.hr\/","logo":{"@type":"ImageObject","inLanguage":"hr","@id":"https:\/\/expert-i4next.hr\/#\/schema\/logo\/image\/","url":"https:\/\/expert-i4next.hr\/wp-content\/uploads\/2023\/05\/expert-logo-without-background.png","contentUrl":"https:\/\/expert-i4next.hr\/wp-content\/uploads\/2023\/05\/expert-logo-without-background.png","width":1200,"height":924,"caption":"Expert i4next"},"image":{"@id":"https:\/\/expert-i4next.hr\/#\/schema\/logo\/image\/"}}]}},"_links":{"self":[{"href":"https:\/\/expert-i4next.hr\/index.php\/wp-json\/wp\/v2\/pages\/176","targetHints":{"allow":["GET"]}}],"collection":[{"href":"https:\/\/expert-i4next.hr\/index.php\/wp-json\/wp\/v2\/pages"}],"about":[{"href":"https:\/\/expert-i4next.hr\/index.php\/wp-json\/wp\/v2\/types\/page"}],"author":[{"embeddable":true,"href":"https:\/\/expert-i4next.hr\/index.php\/wp-json\/wp\/v2\/users\/2"}],"replies":[{"embeddable":true,"href":"https:\/\/expert-i4next.hr\/index.php\/wp-json\/wp\/v2\/comments?post=176"}],"version-history":[{"count":132,"href":"https:\/\/expert-i4next.hr\/index.php\/wp-json\/wp\/v2\/pages\/176\/revisions"}],"predecessor-version":[{"id":4401,"href":"https:\/\/expert-i4next.hr\/index.php\/wp-json\/wp\/v2\/pages\/176\/revisions\/4401"}],"wp:attachment":[{"href":"https:\/\/expert-i4next.hr\/index.php\/wp-json\/wp\/v2\/media?parent=176"}],"curies":[{"name":"wp","href":"https:\/\/api.w.org\/{rel}","templated":true}]}}