{"id":3114,"date":"2025-09-10T19:19:56","date_gmt":"2025-09-10T17:19:56","guid":{"rendered":"https:\/\/expert-i4next.hr\/?page_id=3114"},"modified":"2026-02-16T20:35:50","modified_gmt":"2026-02-16T19:35:50","slug":"podrska-i-servis","status":"publish","type":"page","link":"https:\/\/expert-i4next.hr\/index.php\/podrska-i-servis\/","title":{"rendered":"PODR\u0160KA I SERVIS"},"content":{"rendered":"\t\t<div data-elementor-type=\"wp-page\" data-elementor-id=\"3114\" class=\"elementor elementor-3114\" data-elementor-post-type=\"page\">\n\t\t\t\t\t\t\t<div class=\"elementor-element elementor-element-7fb2bbd e-con-full hero e-flex e-con\" data-id=\"7fb2bbd\" data-element_type=\"container\" data-settings=\"{&quot;content_width&quot;:&quot;full&quot;}\">\n\t\t<div class=\"elementor-element elementor-element-e30a64a e-con-full e-flex e-con\" data-id=\"e30a64a\" data-element_type=\"container\" data-settings=\"{&quot;content_width&quot;:&quot;full&quot;}\">\n\t\t\t\t<div class=\"elementor-element elementor-element-729ee7d elementor-widget elementor-widget-heading\" data-id=\"729ee7d\" data-element_type=\"widget\" data-widget_type=\"heading.default\">\n\t\t\t\t<div class=\"elementor-widget-container\">\n\t\t\t<style>\/*! elementor - v3.15.0 - 31-07-2023 *\/\n.elementor-heading-title{padding:0;margin:0;line-height:1}.elementor-widget-heading .elementor-heading-title[class*=elementor-size-]>a{color:inherit;font-size:inherit;line-height:inherit}.elementor-widget-heading .elementor-heading-title.elementor-size-small{font-size:15px}.elementor-widget-heading .elementor-heading-title.elementor-size-medium{font-size:19px}.elementor-widget-heading .elementor-heading-title.elementor-size-large{font-size:29px}.elementor-widget-heading .elementor-heading-title.elementor-size-xl{font-size:39px}.elementor-widget-heading .elementor-heading-title.elementor-size-xxl{font-size:59px}<\/style><h2 class=\"elementor-heading-title elementor-size-default\">Podr\u0161ka <br> i servis<\/h2>\t\t<\/div>\n\t\t\t\t<\/div>\n\t\t\t\t<\/div>\n\t\t<div class=\"elementor-element elementor-element-5b91e19 e-con-full hero-accent e-flex e-con\" data-id=\"5b91e19\" data-element_type=\"container\" data-settings=\"{&quot;content_width&quot;:&quot;full&quot;}\">\n\t\t\t\t<div class=\"elementor-element elementor-element-050fc45 elementor-widget elementor-widget-image\" data-id=\"050fc45\" data-element_type=\"widget\" data-widget_type=\"image.default\">\n\t\t\t\t<div class=\"elementor-widget-container\">\n\t\t\t<style>\/*! elementor - v3.15.0 - 31-07-2023 *\/\n.elementor-widget-image{text-align:center}.elementor-widget-image a{display:inline-block}.elementor-widget-image a img[src$=\".svg\"]{width:48px}.elementor-widget-image img{vertical-align:middle;display:inline-block}<\/style>\t\t\t\t\t\t\t\t\t\t\t\t<img loading=\"lazy\" decoding=\"async\" width=\"1024\" height=\"682\" src=\"https:\/\/expert-i4next.hr\/wp-content\/uploads\/2025\/09\/Podrska-i-servis-1024x682.jpg\" class=\"attachment-large size-large wp-image-3504\" alt=\"\" srcset=\"https:\/\/expert-i4next.hr\/wp-content\/uploads\/2025\/09\/Podrska-i-servis-1024x682.jpg 1024w, https:\/\/expert-i4next.hr\/wp-content\/uploads\/2025\/09\/Podrska-i-servis-300x200.jpg 300w, https:\/\/expert-i4next.hr\/wp-content\/uploads\/2025\/09\/Podrska-i-servis-768x512.jpg 768w, https:\/\/expert-i4next.hr\/wp-content\/uploads\/2025\/09\/Podrska-i-servis-1536x1023.jpg 1536w, https:\/\/expert-i4next.hr\/wp-content\/uploads\/2025\/09\/Podrska-i-servis-600x400.jpg 600w, https:\/\/expert-i4next.hr\/wp-content\/uploads\/2025\/09\/Podrska-i-servis.jpg 1600w\" sizes=\"auto, (max-width: 1024px) 100vw, 1024px\" \/>\t\t\t\t\t\t\t\t\t\t\t\t\t\t\t<\/div>\n\t\t\t\t<\/div>\n\t\t\t\t<\/div>\n\t\t\t\t<\/div>\n\t\t<div class=\"elementor-element elementor-element-4ee5f8f e-con-full e-flex e-con\" data-id=\"4ee5f8f\" data-element_type=\"container\" data-settings=\"{&quot;content_width&quot;:&quot;full&quot;}\">\n\t\t<div class=\"elementor-element elementor-element-c45f0bd e-con-full ei4n-cards e-flex e-con\" data-id=\"c45f0bd\" data-element_type=\"container\" data-settings=\"{&quot;content_width&quot;:&quot;full&quot;}\">\n\t\t<div class=\"make-column-clickable-elementor elementor-element elementor-element-42dfde4 ei4n-card e-flex e-con-boxed e-con\" style=\"cursor: pointer;\" data-column-clickable=\"https:\/\/expert-i4next.hr\/index.php\/podrska\/\" data-column-clickable-blank=\"_self\" data-id=\"42dfde4\" data-element_type=\"container\" data-settings=\"{&quot;content_width&quot;:&quot;boxed&quot;}\">\n\t\t\t\t\t<div class=\"e-con-inner\">\n\t\t\t\t<div class=\"elementor-element elementor-element-ff011cf elementor-widget elementor-widget-heading\" data-id=\"ff011cf\" data-element_type=\"widget\" data-widget_type=\"heading.default\">\n\t\t\t\t<div class=\"elementor-widget-container\">\n\t\t\t<h3 class=\"elementor-heading-title elementor-size-default\">Podr\u0161ka<\/h3>\t\t<\/div>\n\t\t\t\t<\/div>\n\t\t\t\t<div class=\"elementor-element elementor-element-8265107 elementor-view-default elementor-widget elementor-widget-icon\" data-id=\"8265107\" data-element_type=\"widget\" data-widget_type=\"icon.default\">\n\t\t\t\t<div class=\"elementor-widget-container\">\n\t\t\t\t\t<div class=\"elementor-icon-wrapper\">\n\t\t\t<a class=\"elementor-icon\" href=\"https:\/\/expert-i4next.hr\/index.php\/podrska\/\">\n\t\t\t<svg aria-hidden=\"true\" class=\"e-font-icon-svg e-fas-arrow-right\" viewBox=\"0 0 448 512\" xmlns=\"http:\/\/www.w3.org\/2000\/svg\"><path d=\"M190.5 66.9l22.2-22.2c9.4-9.4 24.6-9.4 33.9 0L441 239c9.4 9.4 9.4 24.6 0 33.9L246.6 467.3c-9.4 9.4-24.6 9.4-33.9 0l-22.2-22.2c-9.5-9.5-9.3-25 .4-34.3L311.4 296H24c-13.3 0-24-10.7-24-24v-32c0-13.3 10.7-24 24-24h287.4L190.9 101.2c-9.8-9.3-10-24.8-.4-34.3z\"><\/path><\/svg>\t\t\t<\/a>\n\t\t<\/div>\n\t\t\t\t<\/div>\n\t\t\t\t<\/div>\n\t\t\t\t\t<\/div>\n\t\t\t\t<\/div>\n\t\t<div class=\"make-column-clickable-elementor elementor-element elementor-element-a23b3d2 ei4n-card e-flex e-con-boxed e-con\" style=\"cursor: pointer;\" data-column-clickable=\"https:\/\/expert-i4next.hr\/index.php\/servis\/\" data-column-clickable-blank=\"_self\" data-id=\"a23b3d2\" data-element_type=\"container\" data-settings=\"{&quot;content_width&quot;:&quot;boxed&quot;}\">\n\t\t\t\t\t<div class=\"e-con-inner\">\n\t\t\t\t<div class=\"elementor-element elementor-element-bd01346 elementor-widget elementor-widget-heading\" data-id=\"bd01346\" data-element_type=\"widget\" data-widget_type=\"heading.default\">\n\t\t\t\t<div class=\"elementor-widget-container\">\n\t\t\t<h3 class=\"elementor-heading-title elementor-size-default\">Servis<\/h3>\t\t<\/div>\n\t\t\t\t<\/div>\n\t\t\t\t<div class=\"elementor-element elementor-element-6c79a15 elementor-view-default elementor-widget elementor-widget-icon\" data-id=\"6c79a15\" data-element_type=\"widget\" data-widget_type=\"icon.default\">\n\t\t\t\t<div class=\"elementor-widget-container\">\n\t\t\t\t\t<div class=\"elementor-icon-wrapper\">\n\t\t\t<a class=\"elementor-icon\" href=\"https:\/\/expert-i4next.hr\/index.php\/servis\/\">\n\t\t\t<svg aria-hidden=\"true\" class=\"e-font-icon-svg e-fas-arrow-right\" viewBox=\"0 0 448 512\" xmlns=\"http:\/\/www.w3.org\/2000\/svg\"><path d=\"M190.5 66.9l22.2-22.2c9.4-9.4 24.6-9.4 33.9 0L441 239c9.4 9.4 9.4 24.6 0 33.9L246.6 467.3c-9.4 9.4-24.6 9.4-33.9 0l-22.2-22.2c-9.5-9.5-9.3-25 .4-34.3L311.4 296H24c-13.3 0-24-10.7-24-24v-32c0-13.3 10.7-24 24-24h287.4L190.9 101.2c-9.8-9.3-10-24.8-.4-34.3z\"><\/path><\/svg>\t\t\t<\/a>\n\t\t<\/div>\n\t\t\t\t<\/div>\n\t\t\t\t<\/div>\n\t\t\t\t\t<\/div>\n\t\t\t\t<\/div>\n\t\t\t\t<\/div>\n\t\t\t\t<\/div>\n\t\t\t\t\t\t\t<\/div>\n\t\t","protected":false},"excerpt":{"rendered":"<p>Podr\u0161ka i servis Podr\u0161ka Servis<\/p>\n","protected":false},"author":2,"featured_media":0,"parent":0,"menu_order":0,"comment_status":"closed","ping_status":"closed","template":"","meta":{"site-sidebar-layout":"no-sidebar","site-content-layout":"page-builder","ast-global-header-display":"","ast-banner-title-visibility":"","ast-main-header-display":"","ast-hfb-above-header-display":"","ast-hfb-below-header-display":"","ast-hfb-mobile-header-display":"","site-post-title":"disabled","ast-breadcrumbs-content":"","ast-featured-img":"disabled","footer-sml-layout":"","theme-transparent-header-meta":"","adv-header-id-meta":"","stick-header-meta":"","header-above-stick-meta":"","header-main-stick-meta":"","header-below-stick-meta":"","footnotes":"","_wp_rev_ctl_limit":""},"class_list":["post-3114","page","type-page","status-publish","hentry"],"yoast_head":"<!-- This site is optimized with the Yoast SEO plugin v27.4 - https:\/\/yoast.com\/product\/yoast-seo-wordpress\/ -->\n<title>PODR\u0160KA I SERVIS -<\/title>\n<meta name=\"description\" content=\"Podr\u0161ka i servis                   Podr\u0161ka         Servis\" \/>\n<meta name=\"robots\" content=\"index, follow, max-snippet:-1, max-image-preview:large, max-video-preview:-1\" \/>\n<link rel=\"canonical\" href=\"https:\/\/expert-i4next.hr\/index.php\/podrska-i-servis\/\" \/>\n<meta property=\"og:locale\" content=\"hr_HR\" \/>\n<meta property=\"og:type\" content=\"article\" \/>\n<meta property=\"og:title\" content=\"PODR\u0160KA I SERVIS -\" \/>\n<meta property=\"og:description\" content=\"Podr\u0161ka i servis                   Podr\u0161ka         Servis\" \/>\n<meta property=\"og:url\" content=\"https:\/\/expert-i4next.hr\/index.php\/podrska-i-servis\/\" \/>\n<meta property=\"og:site_name\" content=\"Expert i4next\" \/>\n<meta property=\"article:modified_time\" content=\"2026-02-16T19:35:50+00:00\" \/>\n<meta property=\"og:image\" content=\"https:\/\/expert-i4next.hr\/wp-content\/uploads\/2025\/09\/Podrska-i-servis.jpg\" \/>\n\t<meta property=\"og:image:width\" content=\"1600\" \/>\n\t<meta property=\"og:image:height\" content=\"1066\" \/>\n\t<meta property=\"og:image:type\" content=\"image\/jpeg\" \/>\n<meta name=\"twitter:card\" content=\"summary_large_image\" \/>\n<meta name=\"twitter:label1\" content=\"Procijenjeno vrijeme \u010ditanja\" \/>\n\t<meta name=\"twitter:data1\" content=\"1 minuta\" \/>\n<script type=\"application\/ld+json\" class=\"yoast-schema-graph\">{\"@context\":\"https:\\\/\\\/schema.org\",\"@graph\":[{\"@type\":\"WebPage\",\"@id\":\"https:\\\/\\\/expert-i4next.hr\\\/index.php\\\/podrska-i-servis\\\/\",\"url\":\"https:\\\/\\\/expert-i4next.hr\\\/index.php\\\/podrska-i-servis\\\/\",\"name\":\"PODR\u0160KA I SERVIS -\",\"isPartOf\":{\"@id\":\"https:\\\/\\\/expert-i4next.hr\\\/#website\"},\"primaryImageOfPage\":{\"@id\":\"https:\\\/\\\/expert-i4next.hr\\\/index.php\\\/podrska-i-servis\\\/#primaryimage\"},\"image\":{\"@id\":\"https:\\\/\\\/expert-i4next.hr\\\/index.php\\\/podrska-i-servis\\\/#primaryimage\"},\"thumbnailUrl\":\"https:\\\/\\\/expert-i4next.hr\\\/wp-content\\\/uploads\\\/2025\\\/09\\\/Podrska-i-servis-1024x682.jpg\",\"datePublished\":\"2025-09-10T17:19:56+00:00\",\"dateModified\":\"2026-02-16T19:35:50+00:00\",\"description\":\"Podr\u0161ka i servis Podr\u0161ka Servis\",\"breadcrumb\":{\"@id\":\"https:\\\/\\\/expert-i4next.hr\\\/index.php\\\/podrska-i-servis\\\/#breadcrumb\"},\"inLanguage\":\"hr\",\"potentialAction\":[{\"@type\":\"ReadAction\",\"target\":[\"https:\\\/\\\/expert-i4next.hr\\\/index.php\\\/podrska-i-servis\\\/\"]}]},{\"@type\":\"ImageObject\",\"inLanguage\":\"hr\",\"@id\":\"https:\\\/\\\/expert-i4next.hr\\\/index.php\\\/podrska-i-servis\\\/#primaryimage\",\"url\":\"https:\\\/\\\/expert-i4next.hr\\\/wp-content\\\/uploads\\\/2025\\\/09\\\/Podrska-i-servis.jpg\",\"contentUrl\":\"https:\\\/\\\/expert-i4next.hr\\\/wp-content\\\/uploads\\\/2025\\\/09\\\/Podrska-i-servis.jpg\",\"width\":1600,\"height\":1066},{\"@type\":\"BreadcrumbList\",\"@id\":\"https:\\\/\\\/expert-i4next.hr\\\/index.php\\\/podrska-i-servis\\\/#breadcrumb\",\"itemListElement\":[{\"@type\":\"ListItem\",\"position\":1,\"name\":\"Po\u010detna stranica\",\"item\":\"https:\\\/\\\/expert-i4next.hr\\\/\"},{\"@type\":\"ListItem\",\"position\":2,\"name\":\"PODR\u0160KA I SERVIS\"}]},{\"@type\":\"WebSite\",\"@id\":\"https:\\\/\\\/expert-i4next.hr\\\/#website\",\"url\":\"https:\\\/\\\/expert-i4next.hr\\\/\",\"name\":\"Expert i4next\",\"description\":\"\",\"publisher\":{\"@id\":\"https:\\\/\\\/expert-i4next.hr\\\/#organization\"},\"potentialAction\":[{\"@type\":\"SearchAction\",\"target\":{\"@type\":\"EntryPoint\",\"urlTemplate\":\"https:\\\/\\\/expert-i4next.hr\\\/?s={search_term_string}\"},\"query-input\":{\"@type\":\"PropertyValueSpecification\",\"valueRequired\":true,\"valueName\":\"search_term_string\"}}],\"inLanguage\":\"hr\"},{\"@type\":\"Organization\",\"@id\":\"https:\\\/\\\/expert-i4next.hr\\\/#organization\",\"name\":\"Expert i4next\",\"url\":\"https:\\\/\\\/expert-i4next.hr\\\/\",\"logo\":{\"@type\":\"ImageObject\",\"inLanguage\":\"hr\",\"@id\":\"https:\\\/\\\/expert-i4next.hr\\\/#\\\/schema\\\/logo\\\/image\\\/\",\"url\":\"https:\\\/\\\/expert-i4next.hr\\\/wp-content\\\/uploads\\\/2023\\\/05\\\/expert-logo-without-background.png\",\"contentUrl\":\"https:\\\/\\\/expert-i4next.hr\\\/wp-content\\\/uploads\\\/2023\\\/05\\\/expert-logo-without-background.png\",\"width\":1200,\"height\":924,\"caption\":\"Expert i4next\"},\"image\":{\"@id\":\"https:\\\/\\\/expert-i4next.hr\\\/#\\\/schema\\\/logo\\\/image\\\/\"}}]}<\/script>\n<!-- \/ Yoast SEO plugin. -->","yoast_head_json":{"title":"PODR\u0160KA I SERVIS -","description":"Podr\u0161ka i servis                   Podr\u0161ka         Servis","robots":{"index":"index","follow":"follow","max-snippet":"max-snippet:-1","max-image-preview":"max-image-preview:large","max-video-preview":"max-video-preview:-1"},"canonical":"https:\/\/expert-i4next.hr\/index.php\/podrska-i-servis\/","og_locale":"hr_HR","og_type":"article","og_title":"PODR\u0160KA I SERVIS -","og_description":"Podr\u0161ka i servis                   Podr\u0161ka         Servis","og_url":"https:\/\/expert-i4next.hr\/index.php\/podrska-i-servis\/","og_site_name":"Expert i4next","article_modified_time":"2026-02-16T19:35:50+00:00","og_image":[{"width":1600,"height":1066,"url":"https:\/\/expert-i4next.hr\/wp-content\/uploads\/2025\/09\/Podrska-i-servis.jpg","type":"image\/jpeg"}],"twitter_card":"summary_large_image","twitter_misc":{"Procijenjeno vrijeme \u010ditanja":"1 minuta"},"schema":{"@context":"https:\/\/schema.org","@graph":[{"@type":"WebPage","@id":"https:\/\/expert-i4next.hr\/index.php\/podrska-i-servis\/","url":"https:\/\/expert-i4next.hr\/index.php\/podrska-i-servis\/","name":"PODR\u0160KA I SERVIS -","isPartOf":{"@id":"https:\/\/expert-i4next.hr\/#website"},"primaryImageOfPage":{"@id":"https:\/\/expert-i4next.hr\/index.php\/podrska-i-servis\/#primaryimage"},"image":{"@id":"https:\/\/expert-i4next.hr\/index.php\/podrska-i-servis\/#primaryimage"},"thumbnailUrl":"https:\/\/expert-i4next.hr\/wp-content\/uploads\/2025\/09\/Podrska-i-servis-1024x682.jpg","datePublished":"2025-09-10T17:19:56+00:00","dateModified":"2026-02-16T19:35:50+00:00","description":"Podr\u0161ka i servis Podr\u0161ka Servis","breadcrumb":{"@id":"https:\/\/expert-i4next.hr\/index.php\/podrska-i-servis\/#breadcrumb"},"inLanguage":"hr","potentialAction":[{"@type":"ReadAction","target":["https:\/\/expert-i4next.hr\/index.php\/podrska-i-servis\/"]}]},{"@type":"ImageObject","inLanguage":"hr","@id":"https:\/\/expert-i4next.hr\/index.php\/podrska-i-servis\/#primaryimage","url":"https:\/\/expert-i4next.hr\/wp-content\/uploads\/2025\/09\/Podrska-i-servis.jpg","contentUrl":"https:\/\/expert-i4next.hr\/wp-content\/uploads\/2025\/09\/Podrska-i-servis.jpg","width":1600,"height":1066},{"@type":"BreadcrumbList","@id":"https:\/\/expert-i4next.hr\/index.php\/podrska-i-servis\/#breadcrumb","itemListElement":[{"@type":"ListItem","position":1,"name":"Po\u010detna stranica","item":"https:\/\/expert-i4next.hr\/"},{"@type":"ListItem","position":2,"name":"PODR\u0160KA I SERVIS"}]},{"@type":"WebSite","@id":"https:\/\/expert-i4next.hr\/#website","url":"https:\/\/expert-i4next.hr\/","name":"Expert i4next","description":"","publisher":{"@id":"https:\/\/expert-i4next.hr\/#organization"},"potentialAction":[{"@type":"SearchAction","target":{"@type":"EntryPoint","urlTemplate":"https:\/\/expert-i4next.hr\/?s={search_term_string}"},"query-input":{"@type":"PropertyValueSpecification","valueRequired":true,"valueName":"search_term_string"}}],"inLanguage":"hr"},{"@type":"Organization","@id":"https:\/\/expert-i4next.hr\/#organization","name":"Expert i4next","url":"https:\/\/expert-i4next.hr\/","logo":{"@type":"ImageObject","inLanguage":"hr","@id":"https:\/\/expert-i4next.hr\/#\/schema\/logo\/image\/","url":"https:\/\/expert-i4next.hr\/wp-content\/uploads\/2023\/05\/expert-logo-without-background.png","contentUrl":"https:\/\/expert-i4next.hr\/wp-content\/uploads\/2023\/05\/expert-logo-without-background.png","width":1200,"height":924,"caption":"Expert i4next"},"image":{"@id":"https:\/\/expert-i4next.hr\/#\/schema\/logo\/image\/"}}]}},"_links":{"self":[{"href":"https:\/\/expert-i4next.hr\/index.php\/wp-json\/wp\/v2\/pages\/3114","targetHints":{"allow":["GET"]}}],"collection":[{"href":"https:\/\/expert-i4next.hr\/index.php\/wp-json\/wp\/v2\/pages"}],"about":[{"href":"https:\/\/expert-i4next.hr\/index.php\/wp-json\/wp\/v2\/types\/page"}],"author":[{"embeddable":true,"href":"https:\/\/expert-i4next.hr\/index.php\/wp-json\/wp\/v2\/users\/2"}],"replies":[{"embeddable":true,"href":"https:\/\/expert-i4next.hr\/index.php\/wp-json\/wp\/v2\/comments?post=3114"}],"version-history":[{"count":46,"href":"https:\/\/expert-i4next.hr\/index.php\/wp-json\/wp\/v2\/pages\/3114\/revisions"}],"predecessor-version":[{"id":4395,"href":"https:\/\/expert-i4next.hr\/index.php\/wp-json\/wp\/v2\/pages\/3114\/revisions\/4395"}],"wp:attachment":[{"href":"https:\/\/expert-i4next.hr\/index.php\/wp-json\/wp\/v2\/media?parent=3114"}],"curies":[{"name":"wp","href":"https:\/\/api.w.org\/{rel}","templated":true}]}}